 Suppose 11*l - l = 200. What is the greatest common divisor of l and i?
4
Let s = 2842 + -2371. What is the greatest common factor of 628 and s?
157
Let r(p) = -p**3 + 9*p**2 + 25*p - 22. Let a be r(11). What is the highest common factor of a and 99?
11
Suppose 3*l + 10 = -2*l. Let t be (-3332)/(-210) + l/(-15). What is the highest common divisor of 112 and t?
16
Let k = -337 + 492. Let z be 1 - -26 - 16/(-4). Calculate the greatest common factor of z and k.
31
Suppose 0 = 3*q + 2*q. Suppose 5*o + 29 - 84 = q. Let k(a) = -16*a - 997. Let w be k(-63). What is the greatest common divisor of o and w?
11
Let t = -10 - -70. Let j be (-8)/(-32)*3*4 - 0. Suppose -j*f + 0*f + 270 = 0. What is the greatest common factor of t and f?
30
Suppose 4*k + 26 = 3*k - 5*l, 0 = 4*k - l + 20. Let j be (77/21)/((-2)/k). Calculate the greatest common factor of j and 11.
11
Let f(g) = -g - 8. Let t be f(-6). Let p(w) = 3*w**2 + 2*w - 2. Let i be p(t). Let m = i - -16. Calculate the highest common factor of m and 55.
11
Let s = 32 + -33. Let p be (s - 1)*6/(-4). Suppose -5*x - 44 = -2*f, 0 = p*f + 2*f + 2*x - 52. Calculate the highest common divisor of f and 3.
3
Let s be ((-6)/(-21))/((-1)/(-7)). Let x = 367 + -363. What is the greatest common factor of x and s?
2
Suppose -5*a - 4*w = 8 - 18, -2 = -a + 4*w. Let h be 0/2 + (a - -2). Suppose -190 + 18 = -5*t - 12. Calculate the greatest common divisor of h and t.
4
Suppose -706 = -6*a + 206. Calculate the greatest common factor of 114 and a.
38
Suppose -4 + 0 = 4*v + 4*n, 5*n - 43 = 3*v. Let x be ((-27)/v)/((-3)/(-18)). What is the greatest common divisor of x and 3?
3
Let l = -19 + 41. Let i = 58 - l. Calculate the highest common factor of 90 and i.
18
Let b(i) = -i + 5. Let u be (-120)/(-36)*(-6)/4. Let k be b(u). Calculate the greatest common divisor of 70 and k.
10
Let p be 231/6 - 2/(5 - 1). Let y(b) = 293*b + 11. Let w be y(1). What is the highest common factor of p and w?
38
Let r = 295 - 135. Let b be (-15)/(-2)*r/25. What is the greatest common factor of 12 and b?
12
Suppose -18 = -2*w - 7*w. Suppose w*t - 73 - 131 = 0. What is the greatest common divisor of t and 6?
6
Suppose 4*m + 149 = -163. Let b = 86 + m. Suppose 0*x - y - 25 = -x, 3*y - 65 = -4*x. Calculate the highest common divisor of x and b.
4
Let y = -199 - -251. Calculate the highest common factor of 16 and y.
4
Let p be (-3 + 3 + -2)*6/(-4). Suppose 0 = -p*h + 2*h + 21. What is the highest common factor of 42 and h?
21
Suppose -698*c - 14580 = -718*c. What is the greatest common factor of 3 and c?
3
Suppose 18*o + 19*o - 3404 = 0. Calculate the greatest common factor of o and 1012.
92
Let l be -744*(-7 - 91/(-14)). What is the highest common divisor of 6 and l?
6
Let x = -10 - -15. Let i(j) = -j + j**2 + 6*j - 2*j**2 + 3*j - 3. Let y be i(x). What is the greatest common divisor of 18 and y?
6
Let x(q) = -q + 1. Let s be x(-7). Let d be s*(1 + -2)*33/(-4). Calculate the highest common factor of 165 and d.
33
Let t be 1/((-2)/(-6)) + 0. Suppose 154 = 10*l + 4. Calculate the highest common divisor of t and l.
3
Suppose -5*r = -5*g + 1145, 227 = g - 5*r + 6. Calculate the greatest common divisor of g and 33.
33
Let b = -5 + 23. What is the greatest common factor of 90 and b?
18
Let z = 301 - 287. What is the highest common factor of 238 and z?
14
Let b(d) be the first derivative of 25*d**2 - 18*d - 23. Let k be b(5). Calculate the highest common divisor of k and 29.
29
Let f = 32 + -33. Let b be (4 - 0) + (f - -10). What is the greatest common factor of 13 and b?
13
Let g = 61 + -28. Suppose 0 = i - 2*b - 2*b + 9, b - 12 = -3*i. Suppose 2*j - 18 = 4*k, i*j - 7*j + 48 = 4*k. Calculate the highest common divisor of j and g.
11
Let i(c) = -27*c**3 + c**2 - 1. Let v = 9 - 10. Let j be i(v). What is the greatest common factor of j and 243?
27
Suppose -3*o = q - o - 92, -356 = -4*q - 4*o. Let s be (9/3)/(6/q)*1. What is the greatest common factor of 129 and s?
43
Let g = -430 - -540. Calculate the greatest common divisor of 50 and g.
10
Let z = -223 + 241. What is the greatest common divisor of z and 18?
18
Let c = -1526 + 2216. What is the greatest common divisor of c and 69?
69
Suppose 3*h - t - 245 = 0, -5*h + 5*t - 295 = -9*h. Suppose 0 = k + 2 - 4. Let f be 19/k + (-1)/(-2). Calculate the greatest common divisor of h and f.
10
Let a = -30 + 30. Suppose -4*b + 5*b + 4*k - 119 = 0, -3*b + k + 344 = a. What is the highest common divisor of b and 23?
23
Suppose u + 14 = 4*w, 12 + 6 = 5*w - u. Suppose -5*q = -2*s - s - 15, 3*q + w*s = -20. Suppose q = 2*y - 17 - 79. What is the highest common factor of y and 6?
6
Suppose -274 - 685 = 7*o. Let r = o - -192. What is the greatest common divisor of r and 22?
11
Suppose 2*s = 19 + 69. Suppose -8*x + 3*x - s = -3*t, -2*x - 41 = -3*t. Suppose -7 = -2*q + t. Calculate the highest common factor of 15 and q.
5
Let v be (-2 + (-15)/(-9))*-18. Suppose -v = -z - 0. Let s be (-77)/22*(0 - z). Calculate the greatest common factor of s and 189.
21
Let v(a) = 16*a - 57. Let n be v(4). Calculate the highest common factor of 238 and n.
7
Suppose 14*u = 10*u + 216. Let s = u - 9. Calculate the greatest common divisor of s and 18.
9
Let i = 283 + -248. Calculate the highest common factor of i and 21.
7
Let v(l) = 29*l - 417. Let c be v(22). Calculate the greatest common divisor of 78 and c.
13
Let t(b) = -4*b**2 - 24*b - 4. Let w be t(-5). What is the greatest common divisor of w and 256?
16
Let s(n) = -n**3 + 12*n**2 + 16*n - 17. Let l be s(13). Suppose 5*y - 28 = l. Calculate the greatest common divisor of 70 and y.
10
Let f be 4/(-8) - 51/(-2). Suppose -3*j + 42 = 3*h, -3*j + 48 = -2*h - h. Calculate the highest common factor of j and f.
5
Let r be (7 - -1)/(3 - 5). Let k be 1*(33 + r + 7). Let v = 122 + -32. What is the greatest common divisor of k and v?
18
Let y(m) = -m**3 + 6*m**2 - m + 2. Let b be y(4). Let q be -1 + 5 + 324 + 2. Calculate the highest common factor of q and b.
30
Suppose -4*a - 886 = -4*y - 6*a, -y + 2*a + 219 = 0. What is the greatest common factor of y and 26?
13
Let v = 26 + -162. Let p be (-1)/(-3) - (-2 + v/6). What is the highest common divisor of 50 and p?
25
Suppose -6*s = -433 - 2219. Suppose -s = -2*i + 48. Calculate the greatest common factor of 35 and i.
35
Let i = -4 - -12. Let p(q) = -q**3 - 4*q**2 - 28*q - 73. Let c be p(-3). Calculate the greatest common divisor of i and c.
2
Let w = 18 - 17. Let x(i) = -w - 2 + i**2 + 6 + i. Let a be x(-3). Calculate the highest common factor of 63 and a.
9
Let d(y) = -y**2 - 7*y - 3. Let o be d(-6). Let i = -53 - -53. Suppose 0 = l + 4*u - 3, i = 2*l + 3*u + u - 6. Calculate the highest common factor of o and l.
3
Let t(m) = m**2 - 13*m + 25. Let a be t(10). Let s be a + 69 - 6/(-3). Calculate the highest common divisor of s and 6.
6
Suppose 6*d = 2*r + 2*d - 14, 4*r - 24 = 4*d. Let q(o) = -o**3 + 8*o**2 - 8*o. Let t be q(r). What is the highest common factor of 14 and t?
7
Let j = 0 + 10. Let r(t) = 26 + 4*t - 3*t - 2*t + 3*t. Let i be r(12). What is the greatest common divisor of i and j?
10
Suppose 4*o + r - 188 + 4 = 0, 59 = o - 3*r. Suppose 50*z = o*z + 36. What is the highest common divisor of z and 6?
6
Suppose -3*f = -118 - 26. Suppose 3*g + 7 = 19. Let s be 8/(-2 + 10/g). Calculate the highest common factor of s and f.
16
Let t be (3/(-5))/(6/(-30)). Suppose t*a + 74 = 5*a + 2*m, 5*m = -3*a + 113. Calculate the greatest common divisor of 12 and a.
12
Let o(z) = -z**2 - 6*z - 1. Let a be o(-5). Let g = a + -10. Let w(y) = y**2 - 2*y. Let r be w(g). What is the greatest common factor of 12 and r?
12
Let r(d) = d**2 + 15*d - 92. Let n be r(5). Suppose 3*i + 12 = 6*i. Calculate the highest common divisor of i and n.
4
Suppose -17*m + 12*m + 2*x = -43, 0 = 3*m + 5*x - 32. Let q = 78 + -42. Calculate the greatest common divisor of q and m.
9
Suppose -10 + 26 = f. Let l = -11948 - -12028. What is the highest common divisor of l and f?
16
Suppose 35*d = 32*d + 12. Let n be (5/(-3))/(d*1/(-84)). Calculate the highest common divisor of 10 and n.
5
Suppose -2*p = -5*k + 438, 0*k = 3*k + p - 265. Calculate the greatest common divisor of k and 154.
22
Let l(p) = -p**3 - 13*p**2 + 17*p + 7. Let v be l(-14). Let o be 2/(-1)*v/10. Let d = 8 - o. What i